{"version":"1.0","provider_name":"Premi Internacional de Dansa Roseta Mauri","provider_url":"https:\/\/rosetamauri.org\/es\/","author_name":"opissostudio","author_url":"https:\/\/rosetamauri.org\/es\/author\/opissostudio\/","title":"La bailarina Karine Seneca formar\u00e1 parte del jurado - Premi Internacional de Dansa Roseta Mauri","type":"rich","width":600,"height":338,"html":"<blockquote class=\"wp-embedded-content\" data-secret=\"Bfqm3HwDFG\"><a href=\"https:\/\/rosetamauri.org\/es\/la-bailarina-karine-seneca-formara-parte-del-jurado\/\">La bailarina Karine Seneca formar\u00e1 parte del jurado<\/a><\/blockquote><iframe sandbox=\"allow-scripts\" security=\"restricted\" src=\"https:\/\/rosetamauri.org\/es\/la-bailarina-karine-seneca-formara-parte-del-jurado\/embed\/#?secret=Bfqm3HwDFG\" width=\"600\" height=\"338\" title=\"\u00abLa bailarina Karine Seneca formar\u00e1 parte del jurado\u00bb \u2014 Premi Internacional de Dansa Roseta Mauri\" data-secret=\"Bfqm3HwDFG\" frameborder=\"0\" marginwidth=\"0\" marginheight=\"0\" scrolling=\"no\" class=\"wp-embedded-content\"><\/iframe><script>\n\/*! This file is auto-generated *\/\n!function(d,l){\"use strict\";l.querySelector&&d.addEventListener&&\"undefined\"!=typeof URL&&(d.wp=d.wp||{},d.wp.receiveEmbedMessage||(d.wp.receiveEmbedMessage=function(e){var t=e.data;if((t||t.secret||t.message||t.value)&&!\/[^a-zA-Z0-9]\/.test(t.secret)){for(var s,r,n,a=l.querySelectorAll('iframe[data-secret=\"'+t.secret+'\"]'),o=l.querySelectorAll('blockquote[data-secret=\"'+t.secret+'\"]'),c=new RegExp(\"^https?:$\",\"i\"),i=0;i<o.length;i++)o[i].style.display=\"none\";for(i=0;i<a.length;i++)s=a[i],e.source===s.contentWindow&&(s.removeAttribute(\"style\"),\"height\"===t.message?(1e3<(r=parseInt(t.value,10))?r=1e3:~~r<200&&(r=200),s.height=r):\"link\"===t.message&&(r=new URL(s.getAttribute(\"src\")),n=new URL(t.value),c.test(n.protocol))&&n.host===r.host&&l.activeElement===s&&(d.top.location.href=t.value))}},d.addEventListener(\"message\",d.wp.receiveEmbedMessage,!1),l.addEventListener(\"DOMContentLoaded\",function(){for(var e,t,s=l.querySelectorAll(\"iframe.wp-embedded-content\"),r=0;r<s.length;r++)(t=(e=s[r]).getAttribute(\"data-secret\"))||(t=Math.random().toString(36).substring(2,12),e.src+=\"#?secret=\"+t,e.setAttribute(\"data-secret\",t)),e.contentWindow.postMessage({message:\"ready\",secret:t},\"*\")},!1)))}(window,document);\n\/\/# sourceURL=https:\/\/rosetamauri.org\/wp-includes\/js\/wp-embed.min.js\n<\/script>\n","description":"&nbsp; Karine Seneca formar\u00e1 parte del jurado de esta edici\u00f3n que preside Jos\u00e9 Carlos Mart\u00ednez. Seneca ha trabajado en varias compa\u00f1\u00edas europeas. Ha sido bailarina principal del Ballet de Zurich, del Staatsoper de Hannover, y del Boston Ballet. Su repertorio es muy extenso, ha interpretado obras de core\u00f3grafos claves como George Balanchine o John Cranko [&hellip;]","thumbnail_url":"https:\/\/rosetamauri.org\/wp-content\/uploads\/2017\/01\/1262010165_seneca_1796-2.jpg"}

La bailarina Karine Seneca formará parte del jurado - Premi Internacional de Dansa Roseta Mauri

<blockquote class="wp-embedded-content" data-secret="Bfqm3HwDFG"><a href="https://rosetamauri.org/es/la-bailarina-karine-seneca-formara-parte-del-jurado/">La bailarina Karine Seneca formará parte del jurado</a></blockquote><iframe sandbox="allow-scripts" security="restricted" src="https://rosetamauri.org/es/la-bailarina-karine-seneca-formara-parte-del-jurado/embed/#?secret=Bfqm3HwDFG" width="600" height="338" title="«La bailarina Karine Seneca formará parte del jurado» — Premi Internacional de Dansa Roseta Mauri" data-secret="Bfqm3HwDFG" frameborder="0" marginwidth="0" marginheight="0" scrolling="no" class="wp-embedded-content"></iframe><script>
/*! This file is auto-generated */
!function(d,l){"use strict";l.querySelector&&d.addEventListener&&"undefined"!=typeof URL&&(d.wp=d.wp||{},d.wp.receiveEmbedMessage||(d.wp.receiveEmbedMessage=function(e){var t=e.data;if((t||t.secret||t.message||t.value)&&!/[^a-zA-Z0-9]/.test(t.secret)){for(var s,r,n,a=l.querySelectorAll('iframe[data-secret="'+t.secret+'"]'),o=l.querySelectorAll('blockquote[data-secret="'+t.secret+'"]'),c=new RegExp("^https?:$","i"),i=0;i<o.length;i++)o[i].style.display="none";for(i=0;i<a.length;i++)s=a[i],e.source===s.contentWindow&&(s.removeAttribute("style"),"height"===t.message?(1e3<(r=parseInt(t.value,10))?r=1e3:~~r<200&&(r=200),s.height=r):"link"===t.message&&(r=new URL(s.getAttribute("src")),n=new URL(t.value),c.test(n.protocol))&&n.host===r.host&&l.activeElement===s&&(d.top.location.href=t.value))}},d.addEventListener("message",d.wp.receiveEmbedMessage,!1),l.addEventListener("DOMContentLoaded",function(){for(var e,t,s=l.querySelectorAll("iframe.wp-embedded-content"),r=0;r<s.length;r++)(t=(e=s[r]).getAttribute("data-secret"))||(t=Math.random().toString(36).substring(2,12),e.src+="#?secret="+t,e.setAttribute("data-secret",t)),e.contentWindow.postMessage({message:"ready",secret:t},"*")},!1)))}(window,document);
//# sourceURL=https://rosetamauri.org/wp-includes/js/wp-embed.min.js
</script>

&nbsp; Karine Seneca formará parte del jurado de esta edición que preside José Carlos Martínez. Seneca ha trabajado en varias compañías europeas. Ha sido bailarina principal del Ballet de Zurich, del Staatsoper de Hannover, y del Boston Ballet. Su repertorio es muy extenso, ha interpretado obras de coreógrafos claves como George Balanchine o John Cranko [&hellip;]
